) = f**3 + 2*f - 1. Let b be s(1). Suppose h = -4, 7*x - 5*x = b*h + 12. Let n(v) = 0*v - 6*v**2 - x + 4 - 2*v. What is n(-2)?
-18
Let f(y) = y**2 - 4*y. Let i(m) = m**3 + 7*m**2 + 4*m - 6. Let w be i(-4). Let g = 41 - 63. Let o = g + w. Determine f(o).
0
Let b(s) be the second derivative of 3*s**5/20 - s**4/12 - s**3/6 + 3*s**2/2 + 131*s - 1. Give b(-2).
-23
Let x(z) = -44*z - 2. Let b(y) = y**3 - 39*y**2 - 12*y + 469. Let s be b(39). What is x(s)?
-46
Let b be ((-1211)/2595)/(2/(-5)). Let x(g) be the third derivative of 0 + 0*g + 1/12*g**5 - 1/8*g**4 + 40*g**2 + b*g**3 + 1/120*g**6. Calculate x(-6).
-11
Let u(o) = 15*o - 1. Let s(m) be the second derivative of -m**5/20 + 5*m**4/12 - m**3 - m**2/2 + 28*m. Let p be s(3). What is u(p)?
-16
Let f(y) = 2*y - 5. Let u = 245 - 256. Let j = u + 20. Determine f(j).
13
Let j(m) be the second derivative of 5*m**4/2 - 2*m**3 + m**2/2 - 74*m - 1. Let y(g) = -32*g**2 + 14*g - 1. Let c(d) = 7*j(d) + 6*y(d). Determine c(-1).
19
Let u(x) = -16*x + 2*x**2 + 24*x**2 + 23*x - 25*x**2. Let r = 0 - 4. What is u(r)?
-12
Suppose 3*p - 36 = 15*p. Let q(m) = m**3 - m**2 + 3*m + 2. Let d(o) = -2*o**3 + 2*o**2 - 5*o - 4. Let r(c) = p*d(c) - 5*q(c). Determine r(2).
6
Let w(p) = -p**3 + 3*p**2 - 13*p - 1. Let t(h) = 3*h**3 - 9*h**2 + 38*h + 1. Let o(i) = -2*t(i) - 7*w(i). Give o(4).
81
Suppose 142 - 46 = 12*v. Let f(l) = l**3 + 8*l**2 + v*l + 12749 + 0*l**3 - 12750. Calculate f(-7).
-8
Let a = -38 - -48. Let r(t) = 4*t + 5*t - 4*t - 1 - a*t. Let n = 41 + -39. Give r(n).
-11
Suppose -2*g + 3*l - 12 = 0, -2*g - 3*l - 2*l = 12. Let c(t) = 7*t**3 - 5. Let k(a) = -5*a**3 - 2*a**2 + 3. Let s(q) = -2*c(q) - 3*k(q). What is s(g)?
1
Let k be ((-14)/((-210)/(-45)))/((-8)/5 - -1). Let p(j) = 2*j**2 - 12*j + 10. Give p(k).
0
Let a(h) = h**2 - h - 2. Let n be a(6). Let l = n + -25. Suppose 0 = -l*w + 3*f + 15, -5*w + 2*f + 29 = f. Let i(p) = p**2 - 5*p + 5. Calculate i(w).
11
Let p be 18/168*8 - 1/(-7). Let n be (168/14)/(-1*1/p). Let m be (-2)/(-1)*n/8*1. Let c(y) = 2*y**2 + 3*y + 1. Calculate c(m).
10
Let u(y) = 8*y - 1. Let s(c) = 7*c - 37. Let o be s(5). Let w be o/(-12) - 15/(-18). Let r(j) = j**2 - j + 1. Let t be r(w). What is u(t)?
7
Let o(t) = t**3 - 2*t**2 - t + 7. Let i(g) = 2*g**3 - 8*g**2 + 2*g + 24. Let y(v) = -i(v) + 3*o(v). Let b = -10 - -7. What is y(b)?
3
Suppose -2*a = -r + 3*r - 8, r = a - 10. Suppose -g = -3*b + 2, 1 = -4*g + 2*b + 3*b. Let y(w) = 0*w + w**2 + 3*w - 11*w + g. What is y(a)?
-6
Let x(g) = 3*g - 43. Let c = 5989 + -5980. What is x(c)?
-16
Let x(d) be the second derivative of d**7/1260 + d**6/180 - d**5/40 - d**4/12 - 2*d**3/3 + 20*d. Let w(l) be the third derivative of x(l). Determine w(-4).
13
Suppose -11*i = -8*i - 25*i - 58 - 74. Let p(a) be the third derivative of -a**5/60 - 5*a**4/12 - 4*a**3/3 + a**2. Determine p(i).
16
Suppose -d + 881 = 7*l - 10*l, -l - 2*d - 303 = 0. Let b = l + 286. Let n(a) = -a - 15. Calculate n(b).
-6
Let m(a) = a**2 - 35*a + 43. Let y(d) = 23*d - 28. Let v(o) = 5*m(o) + 8*y(o). Let z(k) = -3*k**2 - 11*k + 11. Let f(u) = 2*v(u) + 3*z(u). Determine f(13).
-11
Let z(y) be the third derivative of 0*y + 1/120*y**6 + 1/15*y**5 + 3 + 0*y**4 - 18*y**2 - 1/6*y**3. Determine z(-2).
7
Let w(m) = -4 - 6*m**2 - 5*m + 15*m + 5*m**2. Suppose -2*l = 2*l + 5*z + 407, -l + z - 95 = 0. Let x = -89 - l. What is w(x)?
5
Let t(o) = o**3 + 15*o**2 - 20*o - 62. Let i(w) = 3*w**3 + 8*w**2 + 2*w - 20. Let m be i(-2). What is t(m)?
2
Let s(b) = -4*b**3 + 2*b**2 - b - 3. Let l(k) = 3*k**3 - 3*k**2 + 4. Let z(g) = 3*l(g) + 2*s(g). Let p = -86 + 91. What is z(p)?
-4
Let m(k) = -3*k**3 + 3*k**2 - k - 2. Let x = -2583 - -2585. What is m(x)?
-16
Let f be ((-28)/6)/((-6)/9). Suppose 0 = -x + 6 - f. Let i(a) = a. Let y(c) = -7*c + 1. Let v(s) = x*y(s) - 3*i(s). Determine v(2).
7
Let w(b) = -147*b**3 + 37*b**3 + 115*b**3 - 3*b**2 + 0*b**2 + 7 - b. What is w(3)?
112
Let t(q) = -4*q**2 - 2*q + 2. Let f(x) = -x**3 - 3*x**2 - 5*x + 2. Let s(r) = f(r) - 2*t(r). Determine s(4).
10
Suppose 0*t = -t, 5*t = -4*i + 84. Let z(d) = d + i - 2*d - 15 + 6*d - d**2. Give z(6).
0
Let w(a) = -2*a + 10. Let h be w(3). Suppose -c - 12 = -h*c, -3*c + 24 = o. Suppose -o = -4*y - 8. Let g(k) = -7*k**3 - 2*k + 1. Give g(y).
-8
Suppose 3*y - 2*r = 17, 3*y - r - 25 = -12. Suppose -y*s + 3*m = -s - 15, s = -m. Let d(h) = h**2 - 2*h - 4. What is d(s)?
-1
Let c(s) = -s**3 + 17*s**2 - 30*s + 20. Let k(r) = r**3 - 16*r**2 + 31*r - 20. Let m(g) = 7*c(g) + 6*k(g). What is m(22)?
-24
Let k(r) = -r**3 + 4*r**2 + 5*r + 4. Let a(p) = 2*p + 3. Let l be a(0). Suppose -5*x = -15, l*c + 0*c - 4*x = -3. Suppose -c*s + 25 = 2*s. Determine k(s).
4
Let f(i) = -4*i + 5*i - 2 + i**2 - 3*i**2. Suppose -c - 1380 = -31*c. Suppose -c*v = -21*v + 75. Give f(v).
-23
Let c(m) be the third derivative of -5/3*m**3 + 0*m + 0 - 140*m**2 - 1/4*m**4. Calculate c(-5).
20
Suppose -4*j + 40 = 4*z, 246*z - 5*j - 31 = 242*z. Let a(u) = u**2 - 12*u + 5. Determine a(z).
-22
Let f(n) = -61*n + 38. Let b(m) = -182*m + 110. Let p(j) = 5*b(j) - 16*f(j). What is p(1)?
8
Let b(v) = v + 15. Let x be ((-6)/((-30)/(-5)))/(2/(-814)). Let r = 392 - x. Calculate b(r).
0
Suppose -57*g + 171 = 171. Let i(t) = t**2 + 4*t + 62. Calculate i(g).
62
Let y(c) = -c**3 - 71*c**2 + 224*c + 146. Let i be y(-74). Let l(v) = 36*v**2 - 4*v - 6. What is l(i)?
146
Suppose -4*r - 8 = -0. Let n(v) = 1 + 0*v**2 - 80*v + 192*v - 111*v + 5*v**2 - v**2. What is n(r)?
15
Let a be (-600)/(-25)*10/(-240). Let q = -5 - -8. Let f(k) = 1 + k + q*k**2 + k + 4*k**2. Determine f(a).
6
Suppose 35*d = 69*d + 306. Let q(f) = -f**3 - 9*f**2 - 2*f - 10. Determine q(d).
8
Let t(x) = -32*x - 12. Let r(l) = -11*l - 4. Let g(u) = 14*r(u) - 5*t(u). Suppose 0*d - d - 5*p = 3, 0 = 3*d + 3*p - 3. Suppose d*z = z - 4. What is g(z)?
-20
Let t(z) = 5*z - 4 + 18*z**2 + 5 - 1. Let o(l) = 9*l**2 + 3*l. Let m(k) = -7*o(k) + 4*t(k). Let r be 6 - (-5)/(-5 + 4). Calculate m(r).
8
Let j = -1571 + 1562. Let x(f) = f**2 + 2. Let d(s) = -5*s**2 - 20*s - 19. Let k(g) = d(g) + 3*x(g). Give k(j).
5
Let b(i) = -2660*i + i**2 + 2630*i + 4*i**2 - 8 - 2*i**2 + 3*i**2. What is b(7)?
76
Let y(h) = 3*h**2 - 22*h + 7. Let s(z) = -z**2 - 7*z + 2*z**2 - 3*z**2 + 18*z - 4. Let k(x) = -5*s(x) - 3*y(x). Give k(-11).
-1
Let d(r) = -9*r - 41. Let i be d(-5). Let z(c) = 44*c**2 - 96*c**2 + 41*c**2 - i + 3. Determine z(-1).
-12
Suppose 5*y + 512 = 87. Let i be y/34*(1 + 1). Let j(g) = g**2 - g - 3. Determine j(i).
27
Let o(p) = -p - 1. Let y(c) = 23*c + 2. Let i be y(1). Suppose s - i + 16 = 0. Let j be 6/s*21/(-2). Determine o(j).
6
Let l(x) = x**3 - x**2 - 2*x + 4. Let b(u) = 2*u**3 - u**2 - 5*u + 6. Suppose -y - 5 = -2*c, 5*c - 3*y - 6 - 6 = 0. Let v(s) = c*b(s) - 5*l(s). What is v(-3)?
4
Suppose o - 13 = -o + 3*g, 0 = -o - 4*g + 1. Let f(h) = 2*h + 10. Let u be f(5). Suppose -u = -o*c + 5. Let q(j) = -j**3 + 6*j**2 - 6*j + 1. Calculate q(c).
-4
Let a(s) = s**3 + 5*s**2 + 3*s - 2. Let r = -58 + 62. Suppose 5*p = -5*u + 2*p - 40, 4*p = -r*u - 40. Calculate a(u).
-17
Let c(p) = p**3 - 12*p**2 + p + 212. Let a be c(6). Let o(u) = -13*u + 4. Calculate o(a).
-22
Let m(s) be the second derivative of -s**5/20 - s**4/4 - s**3/3 - 2*s**2 + 4*s. Let j = -144 + 17. Let x = j + 124. Calculate m(x).
2
Let v(n) = -3*n**2 - 15*n - 10. Suppose -9*p - 243 = 7*p + 11*p. Calculate v(p).
-118
Let o(r) = -r**3 + 17*r**2 + 62*r - 454. Let a be o(19). Let d(f) = -9*f**2 - 3*f - 2. Give d(a).
-44
Let t(j) = -j**3 - 9*j**2 - j - 4. Let h = -3702 + 3693. Give t(h).
5
Let i(g) = g**3 + g**2 - 5*g + 4. Suppose 56 - 66 = 2*l, -5*j + 4*l + 25 = 0. Calculate i(j).
1
Let k be (111 - 0) + 6 + -5. Let i(d) = 58 - k - d**2 + 2*d + 57. Determine i(5).
-12
Suppose -6*y - 30 = -2*o, -2*o + 9*y = 6*y - 18. Let s(c) be the first derivative of -36 + 1/4*c**4 - 8/3*c**o - 7/2*c**2 - 13*c. What is s(9)?
5
Let g(l) = 7*l**3 + 46*l - l**2 + 19 - 46*l - 18. Let f = -32 - -31. Let z be (3 + -2)*f + 2. Determine g(z).
7
Let k be (14 - 16)*(-9)/(-6)*-1. Suppose 2*i = -z - k, 2*z = 12*i - 7*i - 6. Let a(p) = -p**3 - 3*p**2 - 3*p - 7. Give a(z).
2
Suppose -14*q = 67*q - 67 - 14. Let s(b) = 7*b + 11. Calculate s(q).
18
Let y(o) = -894*o**2 + 1798*o - 2. Let k be y(2). Let m(n) = -4*n**2 + 72*n. Determi